o) = -o**2 - o + 2. Calculate y(q).
-4
Let d(y) = -3*y + 4. Let u(o) = o. Let i(f) = d(f) + 2*u(f). Suppose 4*l - 5*z - 24 = 3*l, 2*l + 2*z = 0. Calculate i(l).
0
Let m(q) = 7*q**3 - 10*q**2 + 10*q + 4. Let s(w) = -w**3 - 1. Let j(g) = -m(g) - 6*s(g). Give j(9).
-7
Let z be 1 - -2 - (-2 - -2). Let d(c) = -2*c**3 - 5*c**2 + c**3 - z*c + 2 + 5*c. Let u be (2*25/(-10))/1. Calculate d(u).
-8
Let x(s) = 6 + 96*s - 52*s - 46*s. What is x(-7)?
20
Let n = 27 + -30. Let b(i) = -10*i**3 - 16*i**2 - 13*i + 6. Let d(g) = 3*g**3 + 5*g**2 + 4*g - 2. Let r(p) = -2*b(p) - 7*d(p). What is r(n)?
8
Let q be (56/(-20) + 2)*30/4. Let x(z) = -z**3 - 5*z**2 + 6*z - 8. What is x(q)?
-8
Let f be (3/(-2) + 0)*-2. Let c(p) be the first derivative of 3 + 1/3*p**3 + f*p + 5/2*p**2. Determine c(-4).
-1
Suppose 5*c - 4 = 6. Let a be (c - -1)/((-9)/12). Let o(f) = 6*f + 6. Let h(b) = -4*b - 4. Let t(r) = -8*h(r) - 5*o(r). Give t(a).
-6
Let n(x) = x - 6. Let b(g) = -2 + 3 - 4*g + g + 2*g. Let k(a) = -3*b(a) - n(a). Determine k(-2).
-1
Let a(m) = -3*m + 2*m + m**2 + 0*m**2 - 1 - 4. Determine a(4).
7
Let w = 11 + -5. Let a(z) = -z**2 + 8*z - 7. What is a(w)?
5
Let c(t) be the second derivative of -t**5/20 - 2*t**4/3 - t**3/6 - 7*t**2/2 - 5*t. Suppose -8*h + 3*h - 40 = -j, -4*h - 32 = -5*j. Give c(h).
1
Let s be 2 + -5 - -4 - 0. Let v be s + -1 + -7 + 1. Let t(a) = a**2 + 5*a - 1. Calculate t(v).
5
Let d(j) = -9*j**2 + 8*j + 6. Let f(n) = 5*n**2 - 4*n - 3. Let i(r) = -4*d(r) - 7*f(r). Determine i(3).
-6
Let r(d) = d**2 - d. Let w be r(1). Let a(z) = -6*z - 2. Let y be a(-1). Let h(q) = y*q**2 + q**2 - 4*q**2 - q. Calculate h(w).
0
Suppose 9 = 3*m - 6*m - 3*b, 3*b = 3*m + 15. Let z(p) = 2*p + 4. Give z(m).
-4
Let j(g) = -g + 2. Let u(b) = b**3 + 4*b**2 - 6*b - 1. Let w be u(-5). Calculate j(w).
-2
Suppose 2*o - 3 + 15 = 0. Let h(j) = 3*j + 2. Let x(v) = -7*v - 4. Let q(z) = o*x(z) - 13*h(z). Calculate q(-2).
-8
Suppose 0 + 5 = -m. Let r(h) = -3*h**2 + 2*h**2 + 5*h**2 - 3*h**2 - 3 + 6*h. Determine r(m).
-8
Let z(k) be the third derivative of -k**9/60480 - k**7/5040 + k**6/120 - k**5/20 - k**2. Let a(g) be the third derivative of z(g). Give a(0).
6
Let i(p) = 7*p**2 - 1 - 10*p - 9*p + 18*p. Suppose 2 = -3*w - 7. Let a = 2 + w. Determine i(a).
7
Let m(b) = -2*b**2 - 5*b - 2. Let v(f) = f**3 + 3*f**2 - 5*f - 2. Let n be v(-4). Let s = -5 + n. What is m(s)?
-5
Let h = 39 - 28. Let u = h - 6. Suppose 2*i - 5*q = u*i + 6, -3 = i + 2*q. Let r(x) = x**3 - 4*x**2 + 3*x - 1. Calculate r(i).
-1
Let i(j) be the third derivative of j**6/40 + j**5/30 - j**4/8 - j**3/2 + 23*j**2. Give i(-2).
-13
Let d(g) = 4*g**3 - 14*g**2 - 8*g - 10. Let y(m) = -m**3 + m**2. Let f(t) = d(t) + 5*y(t). Give f(-8).
-10
Suppose -19 = -2*z - 5*x, 3*z - x = x. Let m(y) = 0 - 2 - 3*y**2 + y**3 + 2*y**2. What is m(z)?
2
Suppose 10 + 0 = -5*h - 4*c, -5*h + 2*c = 10. Let w be ((-2)/3)/(h/3). Let s(f) = -3*f. Let n(t) = -t**2 + 2*t. Let m(d) = -4*n(d) - 3*s(d). What is m(w)?
5
Let d(u) = 5*u + 5. Let s(h) = -2*h - 1. Let f(z) = -d(z) - 2*s(z). Let r = 3 + 0. What is f(r)?
-6
Let j(s) = -s + 1. Let i(n) = -6*n + 2. Let b(a) = i(a) - 3*j(a). Let l be 12/(-2) - (-7)/14*4. Calculate b(l).
11
Let r(l) = 16 + l - 24 + 4*l**2 - 6*l**2 - l**3 + 3*l**2. Let s = -14 - -14. What is r(s)?
-8
Let l(g) = 2 + 2 - 3*g + 4*g. Let b be 2/(-14) - (-432)/(-112). Give l(b).
0
Let x(a) = a**2 - 6*a - 9. Let d(h) = -6*h**2 + 30*h + 45. Let f(s) = 2*d(s) + 11*x(s). Calculate f(-6).
-9
Let y(t) be the first derivative of t**3/3 + 3*t**2 - 2*t - 17. Give y(-7).
5
Let g(p) = -1. Let a(r) = -4*r**2 + 6*r + 5. Let v(l) = 9*l**2 - 13*l - 10. Let f(n) = 7*a(n) + 3*v(n). Let j(x) = f(x) + 3*g(x). What is j(4)?
-2
Let c be (26/39)/((-2)/12). Let q(x) be the first derivative of -x**3/3 - 3*x**2/2 - 6*x + 1. What is q(c)?
-10
Suppose 2*i - 5 = 5. Let k(g) = -g**2 + 4*g + 2. Determine k(i).
-3
Let s(d) be the second derivative of 0 - 1/2*d**3 + 3/2*d**2 - 5*d. Suppose 1 = 2*k - 5. Determine s(k).
-6
Let g(i) = -1 + 8*i - 7*i + 3*i**2 - 2 - 4*i + i**3. Determine g(-3).
6
Suppose -6*f + 28 = -2*f. Suppose -2*h = -3*w + f*w - 20, 2*w = 3*h + 2. Let u(g) = g + w*g + 0 - 3*g - 2. What is u(3)?
4
Suppose 3*y - 2*y = -2. Let u(w) = -3 + 2*w**2 + w + 6*w - 3*w - 7*w. What is u(y)?
11
Let h(m) = -m**2 + m + 6. Let j be 0*(0 - (-4 + 5)). Determine h(j).
6
Let p(t) = -10*t + 10. Let i(k) = -2*k + 2. Let z(r) = -16*i(r) + 3*p(r). Let x(v) = -v**3 - 7*v**2 - v - 10. Let h be x(-7). Calculate z(h).
-8
Let q(i) = i - 1. Let x(y) = 1. Let m(f) = q(f) + x(f). Determine m(-6).
-6
Let q = 3 - 0. Suppose -4*n - 3*v + 12 = -2*v, q*v = -3*n. Let s(h) be the first derivative of -h**3/3 + 3*h**2 - 3*h - 1. Determine s(n).
5
Suppose -2*k - 4*l + 3 = -5, 5 = 5*l. Let g(u) = -7*u - 2. Let n(y) = -4*y - 1. Suppose 0*b - 5 = b. Let w(s) = b*n(s) + 3*g(s). Calculate w(k).
-3
Let i(y) = 6*y**3 - 6*y**2 + 5*y + 6. Let q(w) = 6*w**3 - 7*w**2 + 6*w + 7. Let h(x) = -7*i(x) + 6*q(x). Let s = 2 + -1. Give h(s).
-5
Let w(a) = -a. Let f = -6 - -8. Suppose -2*c - h + 35 = 0, 0 = c - h - 11 + 1. Suppose -5*r = f*u + c, 4*r - 16 = 5*u - u. Determine w(r).
1
Let m(p) = p**2 + 1. Let y(o) = o**2 + o - 3. Let k(x) = -3*m(x) - y(x). Let i(f) = -f**2 + 6*f + 8. Let w be i(7). Calculate k(w).
-5
Let z(a) = 3*a**2 - 37*a + 10. Let i be z(12). Let w(b) = 2*b**2 + 2*b + 5. Let r(q) = -1. Let s(t) = -2*r(t) - w(t). Calculate s(i).
-7
Let o(h) be the second derivative of h**5/20 - 7*h**4/12 + 7*h**3/6 - 4*h**2 + 12*h. Calculate o(6).
-2
Let s(a) = -23*a + 38*a - 11*a - 4. Determine s(3).
8
Suppose -28 = -11*n + 5. Let a(w) be the third derivative of w**5/60 - w**4/8 + w**3/3 + w**2. Calculate a(n).
2
Let j = -38 - -40. Let g(o) = -4*o + 2. Calculate g(j).
-6
Let s(h) = h**2 + 11*h + 7. Let c be (1 - 13/(-2))/((-78)/104). Calculate s(c).
-3
Let z(h) be the third derivative of 0 + 8*h**2 + 1/3*h**3 + 1/24*h**4 + 0*h. What is z(4)?
6
Let b(g) = -g - 1. Let c be b(-3). Let t(u) = 8*u**2 + 2 - c - 2*u - u**2 + 1. Determine t(1).
6
Let g(t) = 3 + 7*t - 2*t + 61*t**3 - 60*t**3 + 6*t**2. What is g(-4)?
15
Let g(i) = -11*i**2 - 7*i. Let c(b) = -6*b**2 - 4*b. Let k(y) = -7*c(y) + 4*g(y). Give k(1).
-2
Let s be (-7)/9 + 8/(-36). Let g(x) = 5*x - 1. What is g(s)?
-6
Let j(x) = 2*x**2 - 4*x - 2*x**2 + 2*x**2. Suppose 24 = -4*f + 12*f. Determine j(f).
6
Let x(d) = d**2 - 5*d + 5. Suppose 0 - 5 = 5*v. Let y be (25/10)/(v/(-2)). Calculate x(y).
5
Let k(n) = 2 - 1 - 3 + 1. Let s(p) = p. Let f(v) = 4*k(v) - s(v). Give f(-4).
0
Let q(g) = -g**3 - g**2 - 2*g - 1. Let m(x) = 2*x**3 + 8*x**2 + 7*x - 5. Let i(k) = -m(k) - q(k). Give i(-6).
0
Let h(t) = -t - 1. Let y(p) = -5*p - 3. Let i(m) = -m**3 + m**2 - m + 1. Let b be i(0). Let o(d) = b*y(d) - 4*h(d). What is o(-1)?
2
Let c(k) = -k - 1. Let n(p) = 4*p + 13. Let g(u) = -5*c(u) - n(u). Determine g(8).
0
Let h(d) = -d**3 - 6*d**2 + 8*d + 10. Let c be h(-7). Let i(u) be the second derivative of -u**5/20 + u**4/6 + u**3/6 + 2*u**2 - 5*u. What is i(c)?
-2
Suppose -5*o - 5*p = 5, o = -3*p - 1 - 6. Let t(y) = -2 - y**3 - 2*y**3 - 4*y - 6*y**2 + o*y**3. What is t(-5)?
-7
Suppose 9*p + 15 = 4*p. Let o(u) = u**2 + 5*u + 4. Give o(p).
-2
Let n(h) = 9*h - h**2 + h - 17*h + 8*h + h**3 + 18. Give n(0).
18
Suppose 1 = -5*u + x, -3*u - x = -0*x + 7. Let k = u + 3. Let s(r) be the second derivative of r**4/6 - r**3/6 + 6*r. Determine s(k).
6
Let i(p) = -3*p**2 - 2*p - 14. Let m(k) = k**2 + k + 5. Let x(v) = 4*i(v) + 11*m(v). Let r be (42/(-28))/(2/(-4)). Give x(r).
-1
Let z(w) = -w**2 - 4*w - 2. Let l be z(-2). Let q(a) = 3*a**2 - 5*a**2 + 2*a**3 + a**2 + l + a - 3*a**2. Suppose -8 = 2*o - 6*o. Determine q(o).
4
Let x be 5/((-10)/(-12)*3). Let b(w) = -37*w**x - w + 1 - 3 + 7*w + 38*w**2. Let d(i) = -i**2 - 3*i + 6. Let z be d(-5). What is b(z)?
-10
Let y(l) = -l + 2. Suppose 5 = -3*z - 4. Let q be -1 + (z - -3)/1. Let r(m) = m**2 - 2*m - 1. Let u be r(q). Calculate y(u).
0
Let b(z) = 7*z**2 + 0 + 2 - 3*z + 1. Let x be ((-4)/(-8))/(2/4). Let o(v) = -v**2 + v. Let q(r) = x*b(r) + 6*o(r). What is q(-4)?
7
Let d be (-90)/(-12)*(-2)/(-3). Let u(x) = 10*x + 5*x - 14*x. Determine u(d).
5
Let w(x) = 11*x - x**2 + 10*x - 16*x - 3. Let m(r) = -6*r**2 + r + 2. Let c(p) = -9*p**2 + p + 3. Let k(t) = -5